3*12/w*1. Suppose -21 - 19 = -q*d. What is the greatest common factor of d and 50?
10
Suppose -2*v = 4*c - 0*v + 32, 20 = -5*v. Let w(j) = j**2 - 4*j - 1. Let r be w(5). Let l be (-4)/(-8) - c/r. What is the greatest common divisor of l and 1?
1
Suppose 0 = -3*k - 2*l + 11, -11 = k + k + 5*l. Calculate the greatest common factor of k and 56.
7
Let b(y) = -4*y**3 - 3*y**2 - 9*y - 6. Let l be b(-3). What is the highest common factor of l and 68?
34
Let s = 10 - -7. What is the highest common factor of s and 187?
17
Suppose -10*b - 12 + 22 = 0. Calculate the highest common divisor of b and 8.
1
Let k(u) = 89*u**2 - 1. Suppose 0 = w - 2*w - 1. Let h be k(w). What is the greatest common factor of h and 11?
11
Suppose -o + 30 = 9*o. Suppose -3 = 3*k, 3*y - k = 2*k + 12. What is the highest common divisor of y and o?
3
Let o(k) = -k**3 - 6*k**2 - 5*k + 1. Let h be o(-5). Suppose h - 11 = -5*t. What is the greatest common divisor of 6 and t?
2
Let h = 11 - 2. Suppose -a + 4*b = h - 4, -5*b = -15. What is the highest common factor of 7 and a?
7
Suppose 5*u - 986 = 229. What is the highest common factor of 27 and u?
27
Suppose 5 - 2 = -3*a, 5*a - 45 = -5*v. What is the highest common factor of 40 and v?
10
Let j = 1033 - 713. Calculate the greatest common divisor of j and 40.
40
Let m = 36 + -1. Suppose 4*p + 0*p = -f + 28, m = 2*f + p. Calculate the greatest common divisor of f and 40.
8
Suppose 0 = 8*s - 3*s - 70. Calculate the greatest common factor of s and 14.
14
Suppose -f + 5 = m, 0 = -2*m + 4*f - 0 - 2. Let w be (14 - 1)/(2 + -1). Suppose 0 = m*s - w - 113. What is the greatest common divisor of s and 21?
21
Let a be 113/(-4*3/(-12)). Let f = -63 + a. What is the highest common factor of f and 10?
10
Let n = -15 - -25. Calculate the highest common divisor of n and 15.
5
Let k(o) = o**2 + 4*o + 2. Let u be k(9). Suppose 26 = h + 9. Calculate the highest common divisor of h and u.
17
Let v = -13 - -33. What is the greatest common factor of 140 and v?
20
Let s be ((-19)/(-3))/((-1)/(-3)). Suppose -39*i = -0*i - 5187. Calculate the highest common factor of i and s.
19
Let r be (-3)/(-6)*(7 - -1). Let y = 4 + r. Suppose -5*v + 0*v + 120 = 0. What is the greatest common divisor of v and y?
8
Let f be 3/(-6)*(-1 - 9). Suppose f = r + 17. Let y be -5*(r/(-10) + -2). What is the greatest common factor of y and 2?
2
Let v = 163 + -93. What is the greatest common factor of v and 14?
14
Suppose v + 3*v = 72. Suppose -2*y + 2*c + 24 = 0, -2*c - c + 69 = 4*y. Let p be (-6)/y - 32/(-5). Calculate the highest common factor of v and p.
6
Let q(a) = 11*a - 4 - 44*a + 1 - 7*a. Let i be q(-2). Calculate the highest common divisor of i and 11.
11
Let d = 119 - 101. Calculate the greatest common divisor of 36 and d.
18
Let d(x) = 35*x**2 + x - 1. Let c be d(1). Suppose -o = -0*o - 14. Calculate the highest common divisor of c and o.
7
Let u = -4 - -5. Let r = u - -2. Let x = -11 + 13. What is the greatest common divisor of x and r?
1
Let r be ((-1)/2 - 1)*-4. Let v be (3 + -3 - -14) + -2. Calculate the greatest common factor of r and v.
6
Let x(u) = -7*u - 1. Let k be (1/3)/((-2)/(-6)). Let s be x(k). Let n be (s/(-6))/((-2)/(-3)). Calculate the greatest common factor of 4 and n.
2
Let r = -26 - -35. What is the greatest common factor of r and 18?
9
Let l = -6 + 9. Let z be (-1 + 0)/(5/(-105)). What is the highest common factor of l and z?
3
Let w be (-16)/(-6) - (-2)/6. Suppose 12 = 4*o - o. Let t be (-745)/(-35) + o/(-14). What is the greatest common divisor of w and t?
3
Suppose -5*g = -5*c + 649 - 179, -5*c = g - 458. What is the highest common factor of 23 and c?
23
Suppose -3*h - 2*h + 12 = -l, -3*l + 2 = 4*h. Suppose -h*z + z = -36. Calculate the highest common factor of 54 and z.
18
Let b be (10/4)/(4/8). Suppose 3*i - 5*z = 23, 0*i + 2*z = -3*i - b. Calculate the highest common divisor of i and 5.
1
Let a = 15 + -12. Suppose -g + 19 = 4. Let q = g - -18. What is the greatest common factor of q and a?
3
Let z be (-10)/(-20)*10*1. Calculate the greatest common divisor of 20 and z.
5
Let c = 7 + -22. Let g be (-13)/(-3)*-3*2. Let z = c - g. What is the highest common factor of 77 and z?
11
Let m = 18 - 13. Suppose m*h - 70 = 30. Let y = -41 + 91. Calculate the greatest common divisor of h and y.
10
Let g be ((-2)/4)/(3/(-24)). What is the greatest common factor of g and 4?
4
Let x(k) = 6*k**2 - 3*k - 1. Let y be x(-1). Calculate the highest common factor of y and 24.
8
Suppose -3*c = -2*c. Let y be -2 - -3 - c - -1. Suppose -y*g + 108 = -h, 0 = 2*g + 4*h - 4 - 114. What is the greatest common divisor of 5 and g?
5
Suppose 4*d + 324 = 3*y, 0*y - 2*y + d = -221. Calculate the highest common divisor of y and 16.
16
Suppose 5*x - 11 = 4*x. Let t = -2 - -4. Let g be -1 - (0 + t/(-1)). Calculate the greatest common factor of x and g.
1
Suppose 3*n - 210 = 3*f, 0*n + 2*f = -3*n + 190. What is the greatest common factor of n and 12?
6
Let r = -6 - -10. Suppose 4*z = 20, r*k + 29 = -4*z + 577. Calculate the highest common factor of 12 and k.
12
Let y be 2 - (0/1 - 3). Suppose -y*h + 5 = -0*h. What is the highest common divisor of h and 4?
1
Let j = -12 - -15. Let x = 6 + -5. Calculate the greatest common divisor of x and j.
1
Suppose -3*v + 4*w = -185, -6*w = -2*w + 8. What is the highest common factor of 118 and v?
59
Let m(k) = 2*k - 7. Let c be m(6). Suppose c*z + 2*j - 9 = 16, 2*z - 4 = -2*j. Let o be 6/(-21) + 121/z. What is the greatest common factor of 17 and o?
17
Let s be 20/12 + (-1)/(-3). Suppose 0 = -5*m - 4*x + 61, -5*m + x + 39 = -s. Suppose 1 + 11 = 4*u. Calculate the highest common divisor of u and m.
3
Suppose -104 = 2*i - 10*i. Let k = 47 + -21. Calculate the highest common factor of i and k.
13
Let m(y) = y**3 + 4*y**2 + 5*y + 4. Let a be m(-3). Let j be a/(0 - -2) - -15. Calculate the highest common divisor of 21 and j.
7
Let p(f) = 11*f - 3. Let u be p(15). Calculate the greatest common factor of u and 18.
18
Let r be 20/6 - (-4)/6. Suppose r*a = -a + 195. Suppose 5*n + 7*n - 156 = 0. What is the highest common divisor of n and a?
13
Let o be 69 + (1 - -3) - 3. Calculate the greatest common factor of 28 and o.
14
Let m(n) = n - 8. Let h be m(12). Suppose d - 2 = -0*x + h*x, 6 = 2*x. What is the highest common factor of d and 21?
7
Let p(z) = z**2 - 2*z - 5. Let g be p(5). Calculate the greatest common factor of g and 70.
10
Suppose -p + 3 = 0, 5*v - 2*v - 5*p = -6. Suppose -204 = -v*h - h. What is the highest common factor of 34 and h?
17
Let x(n) = 2*n - 5. Let q be x(6). Calculate the highest common factor of q and 21.
7
Let o(p) = p**3 - p**2 - p + 152. Let k be o(0). Let d be 3 + 0 - (8 + -24). Calculate the greatest common factor of k and d.
19
Suppose -2*y - 356 = -4*c - 0*y, -c + 4*y + 96 = 0. Calculate the highest common factor of c and 11.
11
Let a be 0 - 5/((-15)/6). Suppose 0 = 3*b - 4*v - 289, -a*b + 4*v + 0*v + 198 = 0. Suppose l - 2*l = -b. Calculate the greatest common factor of l and 13.
13
Suppose -4*k + 3*k = -132. Let f(m) = 5*m**2 + m - 1. Let b be f(1). Suppose -b*v - 23 + 83 = 0. Calculate the highest common divisor of k and v.
12
Let g be 64/5*(-35)/7. Let r = 91 + g. What is the highest common divisor of r and 18?
9
Let x(j) = -j**2 + 8*j + 12. Let m = 1 - -8. Let h be x(m). Let n(b) = -b**2 - 7*b - 3. Let r be n(-3). Calculate the greatest common factor of h and r.
3
Let q = 4 - 3. Let s = q + 9. Let d be s/(1 + -1 + 1). Calculate the greatest common divisor of 5 and d.
5
Let g = -39 - -21. Let n = g - -30. Let w = 36 - 0. What is the greatest common divisor of n and w?
12
Let s be (0*2/(-4))/(-2). Suppose 3*u - 2 - 25 = s. What is the greatest common divisor of u and 45?
9
Suppose -5*r - 4 - 1 = 0, 11 = q - 2*r. Calculate the highest common divisor of q and 99.
9
Let u = 23 - 3. Let s be -2 - (-1 - (-9 - 0)). Let r be 4/s + 304/10. Calculate the highest common divisor of u and r.
10
Let o(q) = 9*q**2 + 12*q + 11. Let f be o(-5). What is the greatest common factor of 16 and f?
16
Let b be 4*15/8*6. Suppose 7*x - 3*x - 2*z - 34 = 0, 5 = x - 4*z. What is the highest common divisor of x and b?
9
Let o(x) = x**3 - 6*x**2 + 4*x - 2. Let z be o(6). What is the highest common factor of z and 66?
22
Let d = -204 - -294. Suppose